/6) + 0. Calculate the highest common divisor of o and 100.
20
Suppose -7*i = -51 - 61. Suppose -10*a + 13*a - 2*w = i, 0 = -5*a + w + 15. What is the greatest common divisor of 14 and a?
2
Suppose 80*o = 165079 - 46279. Calculate the highest common divisor of 2160 and o.
135
Suppose y + 155 = 6*y. Let a(c) = 16*c - 136. Let k be a(7). Let h be 6/k + (-993)/(-4). Calculate the highest common divisor of y and h.
31
Let g = -3 + 7. Suppose g*x - 1 = 11. Suppose 4*u = -x*u + 462. Calculate the greatest common divisor of 6 and u.
6
Let i(a) = -9*a**3 - 10*a**2 - 22*a - 90. Let j be i(-4). What is the greatest common factor of 468 and j?
18
Suppose -622*o + 63 = -615*o. Suppose 12*h = o*h + 63. What is the greatest common divisor of 84 and h?
21
Let k(c) = 8*c + 21*c - 474 + 10*c - 9*c + 428. Let p be k(2). What is the highest common divisor of 518 and p?
14
Suppose 5*o + 219*m = 216*m + 15787, -5*m = 4*o - 12640. What is the highest common factor of o and 5?
5
Let q = -37373 + 38458. What is the highest common factor of q and 248?
31
Let x = 28 - 13. Let n be (-10)/x*-6 - -136. Suppose -n = -4*t - 3*t. Calculate the highest common factor of 30 and t.
10
Suppose -26*h + 152554 = -2406. Calculate the greatest common divisor of 20 and h.
20
Let c be (74/6)/((-8)/24). Let w(p) = -p**2 - 40*p - 63. Let d be w(c). What is the highest common divisor of d and 9?
3
Suppose -63*p + 430*p - 6780692 = 0. What is the greatest common factor of 149 and p?
149
Let r(f) = 2*f**2 - 14*f - 64. Let w(c) = -13*c - 170. Let h be w(-14). Let n be r(h). Calculate the greatest common factor of 21 and n.
7
Let q = -1483 + 1547. Calculate the greatest common factor of q and 6.
2
Let p = 1843 + -1553. Calculate the highest common factor of 841 and p.
29
Let f = 5 - 3. Let n(g) = 7*g**2 - 186*g + 496. Let b be n(24). Calculate the highest common factor of f and b.
2
Suppose -8*z + 33 = -47. Let a = z - -23. Suppose 2*l = 153 + 309. Calculate the highest common divisor of a and l.
33
Let h = 38 - 100. Let n = h - -63. Let s(k) = k - 1. Let j be s(2). Calculate the greatest common factor of j and n.
1
Let n be 2/(-8) - (-1687)/28. Suppose 0 = 3*u - n - 108. Calculate the highest common factor of 70 and u.
14
Let c(j) = -j**3 + 61*j**2 - 255*j + 75. Let k be c(56). Calculate the greatest common divisor of k and 10.
5
Suppose 5*l = l + 32. Let h be 66*(-5*247/195 + 13). What is the greatest common factor of h and l?
8
Let g be 16/(-40) - 107/(-5). Suppose -5*f = -2*y + 32, 1 = -4*y + 2*f + 33. Let z be -3 + (y/(-2) - -20). What is the greatest common divisor of z and g?
7
Suppose -14*b + 2473 + 10205 = -12550. What is the greatest common factor of b and 102?
34
Let c(f) = 9*f**2 - 53*f + 92. Let x be c(2). Let p be -1*(21 + 1)*-17. What is the greatest common divisor of p and x?
22
Let s(j) = 21*j**2 + 38*j + 201. Let b be s(-4). Calculate the greatest common factor of b and 1375.
55
Suppose 3*z - 38 + 11 = 0. Suppose -8*p + 47 - 15 = 0. What is the greatest common factor of p and z?
1
Let q = -91 + 109. Suppose q*a - 15*a = 81. Suppose -8*n + 5*n + a = 0. What is the highest common factor of 54 and n?
9
Let w(z) = 4*z**2 - 5*z - 81. Let v(f) = 3*f**2 - 6*f - 80. Let r(q) = 3*v(q) - 2*w(q). Let y be r(-26). Calculate the greatest common factor of y and 62.
62
Let p(z) = 50*z**2 - 298*z + 7. Let g be p(6). Let j be ((-2)/(-6))/(7/42). Suppose 0 = w - 5, j*l = 5*w + 165. What is the greatest common factor of l and g?
19
Suppose -10 = 2*q - 4, -5*n = -3*q - 484. Suppose 882*z - 881*z - 6 = 0. Suppose z*w - n = w. Calculate the highest common divisor of 19 and w.
19
Suppose -7*t = -3*t - 8, 4*k - 6476 = 2*t. Suppose 3*m + 26*j - k = 29*j, 0 = -3*m - 4*j + 1592. Calculate the greatest common factor of 201 and m.
67
Suppose 361 = -45*v + 2251. Calculate the highest common factor of v and 23982.
42
Let r = 257 - 267. Let m be ((-6)/r)/((-3)/(-45)). Calculate the highest common factor of 288 and m.
9
Suppose 4*b + 3*f - 105 = 0, -2*b + 3*f - 3 = -42. What is the greatest common divisor of b and 344?
8
Let q be (-80)/(-12)*(702/15 + -3). Calculate the highest common factor of q and 28.
4
Suppose -66*k - 54603 = -188862 - 85191. What is the greatest common divisor of 133 and k?
133
Suppose -17*g = 20*g + 210*g - 900315. Calculate the highest common divisor of g and 135.
135
Let y = 665 + -649. Suppose -19*a - y = -27*a. What is the greatest common divisor of 40 and a?
2
Suppose 17*c - 4*r + 475 = 22*c, 2*c + 2*r = 192. Suppose -y + 137 = 124. What is the highest common factor of c and y?
13
Let b = 20627 + -19928. Calculate the highest common divisor of b and 27.
3
Suppose 109*v - 7506 = -30*v. Suppose 0 = 5*o - 5*q - 425, -374 + 54 = -4*o - q. Calculate the greatest common divisor of v and o.
27
Let v be 572/18 - 28/(-126). Suppose 695 - 215 = v*c. What is the highest common divisor of 675 and c?
15
Suppose v + 0*v + 10 = 3*j, 2*v = 5*j - 16. Suppose 2*b + 5*w = 122, 5*b - 160 = 2*b + j*w. Calculate the highest common divisor of 16 and b.
8
Suppose 0 = 3*c - 4*v + 23, 0 = 3*c - v - 47 + 55. Let z be (-4 + 1)*4/3*c. Calculate the greatest common factor of z and 64.
4
Suppose -18116 + 889 = -98*z - 9*z. What is the greatest common divisor of 42343 and z?
161
Suppose 2875 - 19255 = -42*z. Calculate the greatest common divisor of 325 and z.
65
Let b be (22/(-495)*9)/(2/(-540)). Let g be (-144)/(-40)*(82 + -3 + 1). What is the greatest common factor of b and g?
36
Let c = 1494 - 1242. What is the greatest common divisor of 144 and c?
36
Let u = -10005 - -13859. What is the highest common factor of u and 656?
82
Let j(t) = t + 13. Let n be j(-6). Suppose -22714 = -37*m - 189*m + 10508. What is the greatest common factor of m and n?
7
Suppose 14*j + 5*o - 37080 = 10*j, j - 3*o - 9253 = 0. Calculate the greatest common factor of 85 and j.
85
Suppose -247 = -3*g - 4*b, -164 = -3*g + g - 2*b. Suppose -5*d + 186 = -3*u, 0*d + 4*u - 64 = -2*d. What is the greatest common factor of d and g?
9
Suppose -4*t = -3 - 1. Let v = -373 + 375. Suppose 6*s = v*s + 4. Calculate the highest common factor of s and t.
1
Suppose -50 = -38*o + 13*o. Let h(f) = 8*f**2 - f. Let w be h(o). What is the greatest common divisor of w and 18?
6
Let m = 34 + -34. Suppose m*b - 400 = -5*b. Suppose -b = 38*v - 42*v. What is the greatest common divisor of 8 and v?
4
Suppose -5*u = 3*n - 344, -151*u = -3*n - 147*u + 308. Calculate the highest common divisor of n and 675.
27
Suppose -3*b + 0*b + 36 = 0. Let h be 7 + (-55)/10 + 5/2. Suppose 1056 = h*x + 4*x. What is the highest common divisor of b and x?
12
Suppose 4*v + 4*i = 40, 20*v = 18*v + 3*i + 20. What is the highest common divisor of 16 and v?
2
Let x = -2794 + 2802. Suppose -4*n = -2*b + 56, -2*b + 0*n = 2*n - 32. Calculate the greatest common divisor of x and b.
4
Suppose 0 = -11*g + 14*g - 6. Let z(n) = 3*n**2 + 15*n**2 - 17*n**g + 10*n + 22. Let y be z(-10). What is the highest common divisor of 33 and y?
11
Suppose -3*x + 162 = l + 2, -5*x + 300 = -5*l. Calculate the highest common divisor of 352 and x.
11
Let o = 944 - 514. Calculate the highest common factor of 260 and o.
10
Suppose 3*c + 105 = 501. Let j(g) = -g**3 + 14*g**2 - 31*g + 105. Let d be j(9). Calculate the greatest common divisor of d and c.
33
Suppose -28*r + 33*r + 950 = 2*d, 1432 = 3*d - 4*r. Calculate the highest common divisor of d and 615.
15
Let w(s) = 4*s**2 - 51*s - 223. Let v be w(-4). Calculate the greatest common divisor of 295 and v.
5
Let a be (4/(-8))/(1*2/(-2812)). Let l = a + -667. What is the highest common divisor of 81 and l?
9
Let b = -528 + 621. Let p = 233 + -116. Let j = p - b. Calculate the greatest common divisor of 12 and j.
12
Let r = -58893 + 58910. Suppose 2*v - 973 = 285. What is the greatest common factor of v and r?
17
Let a(b) = -266*b - 3039. Let m be a(-12). Calculate the highest common factor of m and 783.
9
Suppose -1125 = -8*r + 427. Let y = -188 + r. Let f = 9 - 1. What is the highest common divisor of f and y?
2
Let h(d) = -9*d + 26. Let l(a) = -a**2 - 13*a - 1. Let u be l(-12). Let q be h(u). Let r = -46 - q. Calculate the greatest common divisor of r and 135.
27
Let b(v) = 3 - 3 - 10 - 18*v - 41*v. Let c be b(-2). Calculate the highest common divisor of 27 a